ose -3*l + 9*l = -24. Let m(g) = g**3 + 15*g**2 - 5*g - 12. Let c(k) = 2*k**3 + 31*k**2 - 11*k - 23. Let t(f) = l*c(f) + 9*m(f). Calculate t(-11).
-5
Let z(j) be the third derivative of -j**4/8 - 3*j**2 - 14. Determine z(6).
-18
Let f(m) = -m**3 - 8*m**2 + m - 3. Let w = 627 - 635. Calculate f(w).
-11
Let h(j) = j**3 - 4*j**2 + 3. Let g be ((-65)/39)/(1/(-21)). Let i = -32 + g. Give h(i).
-6
Let b(l) = -4*l - 22. Let h be 4 - (2 - 3)*(-2 - -9). Let w(r) = 2*r + 12. Let i(g) = h*w(g) + 6*b(g). What is i(-4)?
8
Let z(l) = -57*l**2 + 107*l**2 - 47*l**2 + 4 + 4*l. Determine z(-3).
19
Suppose 196 = 32*q - 60. Let c(l) = l**2 - 9*l + 12. Give c(q).
4
Let u(c) = c**2 - 6*c + 4. Let q(h) = 6*h**3 + 3*h**2 - 7*h + 3. Let z be q(1). Calculate u(z).
-1
Let t(a) = -19*a - 1 + a**2 + 9 + 0. Let g be t(19). Let r(i) = -9*i + 12 + 5*i**2 - 2*i**2 - 2*i**2. Give r(g).
4
Suppose -2*a = -3 - 39. Let m be (-3)/7 + 156/a. Suppose -11*t + m*t = 12. Let i(r) = r**3 + 4*r**2 + r + 1. Calculate i(t).
7
Let c(x) = -x + 23. Let y be c(21). Let s(m) = -1 + 3*m**2 + 3*m**2 - 5*m**y. What is s(-1)?
0
Let z(j) = -27*j + 56*j - 30*j. Let s(l) = 4*l + 8. Let x(t) = -s(t) - 5*z(t). Determine x(7).
-1
Let o(v) = 4*v - 4. Suppose -7*d = -5*w - 2*d - 70, -4*w - 2*d - 50 = 0. Let p = w - -19. What is o(p)?
20
Let t(x) = -5*x**2 + 6*x + 7. Suppose l + 12 = 5*l. Let n(k) = -2*k**2 + 3 + 0*k**2 + 2*k + k + 0*k**2. Let p(s) = l*t(s) - 7*n(s). Determine p(-4).
-4
Let p(n) = -n**3 + 0*n**3 + 0*n**2 - n**2 + 4*n - n**2 + 1 + 0*n**2. Determine p(2).
-7
Let a(z) = z**2 - 12*z + 16. Let m be a(9). Let t(q) = -q**2 - 10*q + 7. What is t(m)?
-4
Let b(q) = -q**3 - 5*q**2 - 6*q - 4. Suppose 3*r - 2*r = -4*a - 27, -3*r + 9 = -3*a. Calculate b(a).
68
Let b(k) = -11*k + 5 + 13*k + 2*k. Suppose -30 = -65*s + 70*s. Calculate b(s).
-19
Suppose 2*o + 11 = -3*i, -2*i + 37 - 14 = -3*o. Let b(h) = 3*h + 20. Determine b(o).
-1
Let a(r) be the second derivative of r**6/120 + r**5/15 + r**4/24 + 33*r**2/2 + 25*r. Let t(h) be the first derivative of a(h). Determine t(-3).
6
Let j(t) = -2*t + 20. Let o be j(10). Suppose o = -3*z - 9, 0 = 5*r + 4*z - 3*z + 13. Let w(g) = -2*g**2 - g - 1. Give w(r).
-7
Suppose z = 0, 3*q + 2*z + 7 = 43. Let d(j) = q*j**2 + 2 + 0 + 0 - j - 3. What is d(-1)?
12
Let b(i) = i**2 - 30*i - 171. Let y be b(35). Let f(z) = -16*z + 13. Let g(t) = 5*t - 4. Let k(r) = 2*f(r) + 7*g(r). Determine k(y).
10
Let p(h) = -h**3 - 3*h**2 + h + 1. Let s(f) = -f**3 + f. Let i(g) = p(g) - 3*s(g). What is i(-2)?
-23
Let j(c) = -10*c - 1. Let k(x) = -4*x - 1. Let u(y) = j(y) - 2*k(y). Give u(0).
1
Let t(r) = r - 2. Suppose -59*l = -55*l - 28. Let k(o) = o**3 + 5*o**2 - 4. Let b be k(-5). Let v = b + l. Give t(v).
1
Let y = 3 + -5. Let a be y + (3 - -6) + -3. Let q(z) = a*z - 6 - 2*z - 5*z + 4*z. Calculate q(0).
-6
Let g(k) = k**3 + k - 6. Let w(l) = -2*l - 16. Suppose -2*r - 810 = 4*v, 3*r = -4*v - 0*r - 815. Let s be v/24 - 1/(-3). Let i be w(s). Calculate g(i).
-6
Let g(z) be the first derivative of -z**4/4 - 8*z**3/3 - 2*z**2 + 9*z - 90. Suppose 5*i + 1 = -3*p, -11 - 7 = 2*p - i. Give g(p).
-12
Let r = -138 - -134. Let x be (11 - r)/(-3) - -9. Let v(d) = d**3 - 5*d**2 + 4*d - 5. What is v(x)?
-5
Let z(r) be the third derivative of -r**5/60 + r**4/12 - r**2. Suppose -141 = 129*w + 117. Determine z(w).
-8
Suppose 2*z + z = k - 3, 3*k + 5*z = -5. Let o = -1 - -5. Let i(t) = -3 + o*t**2 - 4*t**2 + t**3 + t**2. Give i(k).
-3
Let u = -310 + 320. Let w(h) = -h**3 + 11*h**2 - 12*h + 13. What is w(u)?
-7
Suppose 0*q - 2*q + 8 = 0. Suppose -5*z + h + 10 = 0, -q*z + 2 = 5*h - 35. Let t(p) = -p - 3 - p**z + 0*p + 3*p**2 + 3*p. Calculate t(2).
5
Let x(p) = 11*p**2 - 3*p - 12*p**2 - 3 + 0*p. Give x(-4).
-7
Let l(o) = -o**3 - 2*o**2 + 4*o + 4. Suppose w + 3*p - 29 = 0, 3*p - 103 = -5*w + 2*p. Let u be 5/w*-2*6. Calculate l(u).
1
Let c(v) = 4*v**2 - 2*v**2 + 5 - v - v - 3*v**2. Let y be c(-4). Let w(n) = -2*n**2 - 2652*n + 3*n**2 + 2654*n. Give w(y).
3
Let c(u) = -u + 5. Let z(n) = -3*n - n + 5 - 2*n + 3*n. Let q be z(0). Suppose -4*l + 5*l - q*t - 5 = 0, 0 = 5*l + t + 1. Calculate c(l).
5
Let c(u) = 7*u + 1 - 5*u - 6*u - 5*u. Determine c(-3).
28
Let p(k) be the first derivative of k**2 - 7*k + 3. What is p(5)?
3
Let o(w) = 3*w + 23. Let l(f) = 4*f + 24. Let n(u) = -4*l(u) + 5*o(u). Give n(0).
19
Let r(h) be the third derivative of h**4/12 - h**3/6 - 2*h**2. Let d be -9 + 9 - 1*(1 - 1). Suppose -3*k - 2 = -3*j - 5*k, d = j - 3*k - 8. Determine r(j).
3
Let k = 17 - 16. Let a be ((-1)/2 - k)*-2. Let s(b) = -5*b**2 - b**2 + 70 - b**a - 5*b - 67. What is s(-5)?
3
Let t(p) = 49 - 5*p + 0*p - p**2 - 53. Calculate t(-3).
2
Let x(t) = -7*t + 22. Let r(l) = -13*l + 51. Let c(v) = -3*r(v) + 7*x(v). Determine c(-1).
11
Suppose 4*k = 87 - 47. Let s(a) = 1152 - a - 1137 + 3*a + k*a**2 + a**3. What is s(-10)?
-5
Let l(u) = -u**3 - 62*u**2 + 8*u + 1. Let r(m) = -m**3 - 49*m**2 + 7*m. Let o(z) = -4*l(z) + 5*r(z). Let c = 6 - 3. Give o(c).
5
Let q(g) be the second derivative of 23*g + 3/2*g**2 - 1/4*g**4 - 1/2*g**3 + 0. What is q(2)?
-15
Let x be (-2)/(-1) + -1 + 0. Let b(z) be the first derivative of -z**4/2 - z**3/3 - z**2/2 + z - 6516. What is b(x)?
-3
Let h(q) be the third derivative of q**6/120 - q**5/10 + q**4/6 - q**3/3 - q**2 + q. Let d(k) = -k + 6. Let c be d(4). What is h(c)?
-10
Suppose v + 4 = -2*k, -4*k + 4*v - 4 = 28. Let i(p) be the first derivative of p**4/4 + 2*p**3 + 7*p**2/2 + 6*p + 191. Give i(k).
10
Let g(p) be the first derivative of -2 - 1/4*p**4 - 3*p - 4/3*p**3 + 3*p**2. Calculate g(-5).
-8
Let u(v) = -3 + 0*v**2 - 1 + v**3 + 3*v + 5*v**2. Suppose -9*s + 5*s = 0. Suppose -5*j + 2*j - 12 = s. Give u(j).
0
Suppose 4*c = -3*z + 23, 5*z + 55 - 16 = 3*c. Let d(q) = q**3 - 9*q**2 + 9*q - 9. Determine d(c).
-1
Let t(b) = -b**2 + b. Suppose 13 = -3*r - 4*z - 5, 0 = r - z - 1. Let h(i) = -i**3 - 4*i**2 + 4*i - 7. Let d(w) = r*t(w) - h(w). Calculate d(-7).
0
Let i(c) = -5*c + 2. Let m be i(1). Let o be (3 + -4)*(-21)/m. Let b(w) = w + 12. What is b(o)?
5
Let g(n) be the first derivative of 11 + n**2 + 10*n - 14 - 9. Give g(-7).
-4
Let l(g) = g**2 - 9*g + 13. Suppose 5*k + 2 = -18, 4 = q + k. Give l(q).
5
Let k(l) = -4*l - 7. Let u(r) = -3*r - 6. Let s(o) = 4*k(o) - 5*u(o). Let q be s(3). Let z(y) = 8*y**3 - 9 + 67*y**2 + y - 65*y**2 + 9. Give z(q).
-7
Suppose 15 = 4*i - u - 17, 2*i - u - 14 = 0. Let f(z) = -z**2 + i + 5*z**3 - 18 + 10. Determine f(1).
5
Suppose -c = o - 6*c + 8, 5*c - 5 = 0. Let h(i) = i - 3*i**2 - i**3 - 2*i + 2*i. Give h(o).
-3
Suppose -3*i - y - 9 = -2*y, 4*i + 12 = 4*y. Let v(q) = q**2 + 3*q - 3. Let f be v(i). Let g(t) = t**2 + 3*t - 2. What is g(f)?
-2
Let y(u) = 5*u - 60. Let t(b) = b - 15. Let h(m) = 9*t(m) - 2*y(m). What is h(0)?
-15
Suppose -28 = 31*g + 220. Let b(f) = -f**3 - 9*f**2 - 3*f - 2. Determine b(g).
-42
Let j be 0/(-1 + 0/(-3)). Suppose -5*n + 0*v = -2*v - 1, -4*n + 4*v + 8 = j. Let b be (-2 - -3)/(n/(-3)). Let w(h) = 2*h**2 - 3*h - 3. Give w(b).
6
Let b(v) = v**2 + 22*v + 39. Let o be b(-2). Let t(u) = -16*u + 1. Give t(o).
17
Let f(t) be the first derivative of t**2/2 - 4*t - 319. What is f(5)?
1
Let b(m) be the third derivative of 0*m + 1/8*m**4 - 3*m**2 + 1/6*m**3 + 0. Calculate b(2).
7
Let s(u) = u**2 + 13. Suppose -10*f + 329 = 329. Calculate s(f).
13
Let t(p) = -2*p - 57. Let s = 209 - 235. Give t(s).
-5
Let r(x) = x**3 + 6*x**2 - 7*x. Let d = -15 + 23. Let n be d/((-16)/18) - -2. Give r(n).
0
Let g(b) = b**2 - 7*b + 1. Let v = 40 + -36. Suppose 19 = 5*q + v. Determine g(q).
-11
Suppose 4*u - 136 = 5*v, 5*u - 4*v + 119 = 289. Let j be (17/u)/((-1)/2). Let q(t) = -16*t**2 + 1. What is q(j)?
-15
Let v(x) = x - 1. Let j be v(3). Let f(z) = -5*z**3 - 3*z**2 + 7. Let b(y) = -3*y**3 - 3*y**2 + 5. Let m(o) = 3*b(o) - 2*f(o). Determine m(j).
-3
Let z(l) = -4*l**2 + 3. Suppose -2*s - 48 = -5*h - 52, s - 4*h = 5. What is z(s)?
-33
Let x(a) be the second derivative of -a**4/12 + 7*a**3/6 + 5*a**2/2 - 13*a. Let d(v) = 5*v**2 - 34*v - 26. Let r(i) = -2*d(i) - 11*x(i). What is r(10)?
7
Let w(j) = -7*j**3 + j**2 - j - 5. Let b(m) = -3*m**3 - 2. Suppose -3*s - 15 = -0*s. Let z be s/2*(-2 + 0). Let n(r) = z*b(r) - 2*w(r). Calculate n(-3).
3
Let p(m) = 9*m - 4. Let k be -5 + (1 - -1*(